0. Let m(q) = -q**2 + 0*q**2 - w - q + q**2 + q**3. Let k be 0/(6 + -8 + 3). Determine m(k).
-3
Let k(g) be the first derivative of -g**4/4 - 5*g**3/3 - 9*g**2/2 - 7*g - 4599. Give k(-3).
2
Suppose 52*n - 98 = 45*n. Suppose -n*o - 332 + 122 = 0. Let l(a) = a**3 + 16*a**2 + 15*a - 2. Calculate l(o).
-2
Let s(y) = 7758*y**2 - 15523*y**2 + 4 + 7764*y**2 - 2*y**3 - y. Determine s(3).
-62
Let c(r) = -181*r - 36. Let b(n) = -875*n - 177. Let l(o) = 6*b(o) - 29*c(o). Let w(h) = h**2 + 7*h. Let j be w(-6). Give l(j).
-12
Let y(r) = 2*r - 19. Let s be y(15). Let o(a) = 2*a**2 + 8*a + 17. Let j(c) = -5*c**2 - 24*c - 50. Let n(z) = 3*j(z) + 8*o(z). Give n(s).
19
Let t(j) = j + 41. Suppose -168*g - 1340 = -34*g. Calculate t(g).
31
Let v = -479/22 + 256/11. Let d(p) be the first derivative of 1/4*p**4 + 16 - v*p**2 - 4*p + 1/3*p**3. Calculate d(-3).
-13
Let f(h) be the third derivative of -h**4/8 - 7*h**3/2 + 10499*h**2. Let i(o) = -o**3 + 11*o**2 + 10*o + 17. Let a be i(12). Determine f(a).
0
Let b(o) be the third derivative of o**6/120 + 3*o**5/20 - o**4/2 - 16*o**3/3 - 8*o**2 + 183*o. Determine b(-10).
-12
Let o(q) = q**2 + 5*q - 122. Let d be o(9). Suppose 0 = -d*g + 12. Let c(w) = w - w**3 + w**2 - 2 + 0*w**2 + w**2. Calculate c(g).
-8
Suppose 3*q = 5*y + 581, -4*q + 662 = 3*y - 103. Let p = q - 199. Let d(f) = f**2 + 8*f + 6. What is d(p)?
-1
Suppose -47*d + 237 = 32*d. Let j(m) = -m**3 + 2*m**2 + 6*m + 3. Give j(d).
12
Let v(p) = 35*p**2 + 28*p + 68. Let z(k) = -3*k**2 - k. Let i(y) = v(y) + 12*z(y). Calculate i(18).
32
Let s(g) = -2*g + 2. Let i(f) = 29*f - 202. Let c(m) = i(m) + 9*s(m). Give c(16).
-8
Let b(c) = -2. Suppose 3*u + 64 - 67 = 3*n, 4*n - 16 = 0. Let j = -9 - -11. Let w(t) = -t + 4. Let v(s) = j*w(s) + u*b(s). Give v(4).
-10
Let t(p) = -20*p + 14. Let k(v) = 24*v - 14. Let u(l) = 4*k(l) + 5*t(l). Suppose 2*o - 8 = 2*s, 12 = 3*o + s - 0*s. What is u(o)?
-2
Let w(u) = -6*u + 23. Suppose -d = -2*f + 17, -11*f = -9*f + 4*d - 2. What is w(f)?
-19
Suppose 10*u + 12 = 3*t + 7*u, -5*t - 4*u - 7 = 0. Let m(y) = -y**3 - 7*y**2 + 10. Let p be m(-7). Let v be t/(p/3 - 3). Let g(d) = 9*d - 4. Determine g(v).
23
Let v(d) = -d**2 - 4*d - 3. Suppose -29*f = -9*f - 140. Let j be ((-4)/f)/(4/(-14))*-1. Determine v(j).
1
Let d be 6*(-2 + ((-53)/(-6) - 6)). Let r(m) = -2*m + 2. Calculate r(d).
-8
Let t(m) = -3*m**2 + m. Let w(p) = -4*p**2 - 6*p + 11. Let s(c) = -t(c) + w(c). Determine s(-9).
-7
Let q be (-70)/(-35) + (-1 - 8). Let p(l) = 9*l - 8. Let v(i) = -11*i + 9. Let j(b) = q*p(b) - 6*v(b). Determine j(-1).
-1
Let y(r) = -r**3 - 6*r**2 + 119*r + 832. Let a be y(-8). Let f(s) = s**2 - 14*s + 40. Determine f(a).
-8
Let j be 8/(2 + -1) + 125*10/(-200). Let p(i) be the first derivative of -10 - i**2 + j*i**4 - i - 2/3*i**3. Determine p(-1).
-8
Let b(x) = -x**3 + 7*x**2 - 5*x + 1. Let g(s) = 3*s**3 - 6*s**2 - 2*s - 10. Let i be g(6). Suppose -4*o + i = o. Let d = 87 - o. Determine b(d).
26
Let o(f) = f**2 - 7*f + 1. Suppose -3*x - 4*s - 11 = 0, s + 5 = -x + 3. Suppose -2*k + 1 = 3*h - 21, x*h = 2*k + 14. Give o(h).
-5
Let g(v) = -v**3 - 8*v**2 + 5. Suppose -4*x + 36 = -5*u + 2*u, 2*u + 2*x = -10. Give g(u).
5
Let w(c) be the third derivative of c**5/60 - 3*c**4/8 - c**3/6 + 13860*c**2. Let y = -5 + 10. Give w(y).
-21
Let i(v) = -v**3 - 6*v**2 + 8*v + 3. Let o be i(-7). Let l(g) = 10 + 6*g + 0 - 6 - 4 + 2*g**2 + 5. Calculate l(o).
13
Let t = -1000 + 1008. Suppose -2*a = -0*a - t, -w = a - 7. Let q(n) = -3*n + 1. Give q(w).
-8
Let b(r) = -r**2 - 11*r - 20. Let t = -905 + 895. What is b(t)?
-10
Let i = 48 + -18. Suppose 0 = -15*w + 10*w + i. Let t(g) be the third derivative of g**6/120 - 7*g**5/60 + g**4/3 + g**3/6 + 19*g**2. Calculate t(w).
13
Let u(d) = 5*d**3 + 21*d**2 - 24*d - 2. Let x(h) = 13*h**3 + 63*h**2 - 70*h - 8. Let v(y) = -8*u(y) + 3*x(y). Calculate v(20).
32
Let x(g) = -2*g. Let z = 17 - 6. Suppose 16*h - z*h = -15. Give x(h).
6
Let z(t) = 3*t**3 - 10*t**2 + 5*t - 12. Let j(v) = 29*v**3 - 92*v**2 + 44*v - 109. Let x(n) = -2*j(n) + 19*z(n). What is x(-8)?
62
Let g(n) be the third derivative of -n**4/8 + n**3/6 - 4*n**2 + 34*n. What is g(-7)?
22
Let b(h) = -h**2 - 11*h - 8. Let g(m) = -3*m + 33. Let z be g(-12). Suppose 4*d - 25 = -z. Calculate b(d).
-8
Let r(v) = -v**3 - 9*v**2 + 21*v - 2. Let u be 1125/(-99) - -11 - (-234)/(-22). What is r(u)?
9
Let m(k) = -k**3 + 1367 + 151*k - 4038 + 1306 + 1256 - 48*k**2. What is m(-51)?
-7
Let n(b) be the first derivative of -b**3 + 8*b**2 + 18*b - 3931. Determine n(-1).
-1
Let o(f) = -3*f + 74. Let c(t) = -12*t + 256. Let g(z) = 3*c(z) - 10*o(z). Calculate g(5).
-2
Let h(f) = 2*f**2 + f - 3. Let v(g) = -6*g**2 + 40*g + 36. Let s(b) = -2*b**2 + 13*b + 12. Let y(z) = 11*s(z) - 4*v(z). Let u be y(9). Determine h(u).
12
Let f(o) = -2*o**3 + 2*o**2 + 3*o - 2. Suppose 5*s - 186 = -3*l, 3*s - 36 = 2*s - l. Suppose s - 33 = 3*p. Give f(p).
-4
Let i be ((-17)/(-3))/(4/168). Let d = 3090 - 3088. Let g(m) = 4*m - 2*m**d + m**2 - 236 + i. What is g(8)?
-30
Suppose -109*k - 34 = -126*k. Let j(f) = 3*f - f**3 - 4*f**k + f + 7 + 0*f**3. What is j(-5)?
12
Let k(g) = g + 92 + 0*g - 82. Let u be k(-5). Suppose b - p + 7 = 0, 17 = -4*b + 2*b + u*p. Let f(h) = -h**3 - 7*h**2 - 8*h - 7. Calculate f(b).
5
Let d(p) = -2*p**3 + 9*p**2 - 10*p - 8. Let b be (-8 - (-516)/48) + 0 + 3/(-4). Determine d(b).
-8
Let q(m) be the first derivative of -7*m**2 + 38*m + 3846. Determine q(4).
-18
Let o(u) = 2*u**3 + 11*u**2 + 2*u. Let b(l) = -16*l**3 - 88*l**2 - 2*l + 29. Let m(c) = b(c) + 7*o(c). Give m(-6).
-7
Let c(b) = b**3 - 2*b. Let a = 236 - 159. Let z = a + -75. Give c(z).
4
Let p(d) = -31*d - 284 - 340 + 803. Determine p(6).
-7
Suppose -2*c = -0*c - 8. Let h(f) be the second derivative of f**5/20 - f**4/3 + f**3/3 - 7*f**2/2 - 10207*f - 2. Determine h(c).
1
Let n be ((-63)/6)/((-6)/(-144)). Let m = n - -258. Let s(i) = -2*i**2 + 12*i. Determine s(m).
0
Let o(g) = 2*g**3 + 47*g**2 + 102*g - 45. Let t be o(-21). Let b(c) = -11*c + 194. Determine b(t).
-4
Let k = -21370 + 21399. Let o(n) = -10*n + 279. Calculate o(k).
-11
Let n be -1*(99/9 + 13 - 8/1). Let g(a) = -a**3 - 15*a**2 + 22*a + 27. Determine g(n).
-69
Let n(v) = v**2 + 2*v - 22. Let o be n(-6). Let h(m) = -m**2 - 19*m**3 - 18*m**3 - o + 35*m**3 - 2*m. Suppose 13 = -4*b + 5. What is h(b)?
14
Let n(q) = -4*q**2 - q + 2. Let a(r) = -5*r**2 + 3. Let b(f) = -5*a(f) + 6*n(f). Suppose 0 = 950566*w - 950537*w - 203. Calculate b(w).
4
Suppose s - 278 = -5*v, 5*s + 0*s + 66 = v. Let p = -41 + v. Suppose -6 = -3*q - p. Let t(o) = -o**3 - 3*o**2 + 4*o. Give t(q).
-12
Let s(d) = -1. Let j(c) = 118*c - 4. Let v(k) = j(k) - 6*s(k). Let q be v(1). Let m(i) = -129*i + 0 - 1 + q*i + 2. What is m(-1)?
10
Let h(d) be the second derivative of d**4/12 - 7*d**3/3 - 38*d**2 + 1437*d. Determine h(18).
-4
Let k(g) be the second derivative of -19*g + 0 + 1/6*g**3 - 1/2*g**2. Let o(y) = -6*y + 2. Let x(d) = -3*k(d) - o(d). Give x(-2).
-5
Let b(q) = -2*q**2 - 1. Let h(o) = o**3 - 26*o**2 - 24*o + 69. Let v(n) = 3*b(n) - h(n). Let c be v(21). Let l(m) = 2*m - 2 + 14 - 1. Determine l(c).
-7
Let v = -1664 - -1684. Let p(a) = a - 21. What is p(v)?
-1
Let u(h) = -6*h**2 - 7*h + 7. Suppose 5*g - 105 = -100, 0 = -5*n - 6*g + 26. Determine u(n).
-117
Let n(j) be the first derivative of -2*j**3/3 + 107*j**2/2 + 161*j + 378. What is n(55)?
-4
Let d(k) be the first derivative of k**4/12 + 3*k**3/2 + 2*k**2 + 101*k - 78. Let t(i) be the first derivative of d(i). What is t(-8)?
-4
Let i(a) = -a**3 - 8*a**2 + 19*a - 16. Let r be i(-10). Let o = -56 + 63. Let q(h) = -o*h + 3*h**2 + 12*h - 2*h**2 - 4. Determine q(r).
2
Let p(q) = q**3 + 8*q**2 - 9*q + 1. Let u = -478 - -930. Let b = u + -461. Give p(b).
1
Let o(p) be the second derivative of -p**4/12 + 2*p**3/3 + 115*p**2/2 - 2*p + 1. Let b(w) be the first derivative of o(w). Calculate b(-2).
8
Suppose 6629 = 394*v - 10313. Let y(u) = -2*u**3 + 85*u**2 + 41*u + 90. Give y(v).
4
Let q(z) = 4*z**2 + 28*z + 32. Let f(j) = 6*j**2 + 42*j + 47. Let o(d) = 5*f(d) - 7*q(d). What is o(-9)?
47
Let g(q) = -28*q**2 - 9*q + 61. Let j(s) = 47*s**2 + 17*s - 121. Let m(c) = 5*g(c) + 3*j(c). Give m(-9).
-31
Suppose 26*k = -53*k + 158. Let n(m) = m**2 - 1 + 4 - 4*m + 8*m**2 - m**3 - 7*